{"id":366,"date":"2020-07-10T14:58:04","date_gmt":"2020-07-10T14:58:04","guid":{"rendered":"https:\/\/ie.sdu.dk\/?page_id=366"},"modified":"2020-08-04T08:20:49","modified_gmt":"2020-08-04T08:20:49","slug":"sales","status":"publish","type":"page","link":"https:\/\/ie.sdu.dk\/index.php\/videos-explaining-ie\/sales\/","title":{"rendered":"Sales"},"content":{"rendered":"\n<p>by Jens Martinus Pedersen. Danisk videos are texted in english<\/p>\n\n\n\n<figure><iframe loading=\"lazy\" src=\"https:\/\/d38ynedpfya4s8.cloudfront.net\/p\/282\/sp\/28200\/embedIframeJs\/uiconf_id\/23450462\/partner_id\/282?iframeembed=true&amp;playerId=kaltura_player&amp;entry_id=0_4s1nw07m&amp;flashvars[streamerType]=auto&amp;flashvars[localizationCode]=en&amp;flashvars[leadWithHTML5]=true&amp;flashvars[sideBarContainer.plugin]=true&amp;flashvars[sideBarContainer.position]=left&amp;flashvars[sideBarContainer.clickToClose]=true&amp;flashvars[chapters.plugin]=true&amp;flashvars[chapters.layout]=vertical&amp;flashvars[chapters.thumbnailRotator]=false&amp;flashvars[streamSelector.plugin]=true&amp;flashvars[EmbedPlayer.SpinnerTarget]=videoHolder&amp;flashvars[dualScreen.plugin]=true&amp;flashvars[Kaltura.addCrossoriginToIframe]=true&amp;&amp;wid=0_kb13qihr\" width=\"400\" height=\"285\" allowfullscreen=\"\"><\/iframe><\/figure>\n\n\n\n<p>Go to market strategi &#8211; introduktion<\/p>\n\n\n\n<figure><iframe loading=\"lazy\" src=\"https:\/\/d38ynedpfya4s8.cloudfront.net\/p\/282\/sp\/28200\/embedIframeJs\/uiconf_id\/23450462\/partner_id\/282?iframeembed=true&amp;playerId=kaltura_player&amp;entry_id=0_n6jqwv6w&amp;flashvars[streamerType]=auto&amp;flashvars[localizationCode]=en&amp;flashvars[leadWithHTML5]=true&amp;flashvars[sideBarContainer.plugin]=true&amp;flashvars[sideBarContainer.position]=left&amp;flashvars[sideBarContainer.clickToClose]=true&amp;flashvars[chapters.plugin]=true&amp;flashvars[chapters.layout]=vertical&amp;flashvars[chapters.thumbnailRotator]=false&amp;flashvars[streamSelector.plugin]=true&amp;flashvars[EmbedPlayer.SpinnerTarget]=videoHolder&amp;flashvars[dualScreen.plugin]=true&amp;flashvars[Kaltura.addCrossoriginToIframe]=true&amp;&amp;wid=0_mh6zfzzu\" width=\"400\" height=\"285\" allowfullscreen=\"\"><\/iframe><\/figure>\n\n\n\n<p>S\u00e5dan finder du dine salgskanaler<\/p>\n\n\n\n<figure><iframe loading=\"lazy\" src=\"https:\/\/d38ynedpfya4s8.cloudfront.net\/p\/282\/sp\/28200\/embedIframeJs\/uiconf_id\/23450462\/partner_id\/282?iframeembed=true&amp;playerId=kaltura_player&amp;entry_id=0_u3efohec&amp;flashvars[streamerType]=auto&amp;flashvars[localizationCode]=en&amp;flashvars[leadWithHTML5]=true&amp;flashvars[sideBarContainer.plugin]=true&amp;flashvars[sideBarContainer.position]=left&amp;flashvars[sideBarContainer.clickToClose]=true&amp;flashvars[chapters.plugin]=true&amp;flashvars[chapters.layout]=vertical&amp;flashvars[chapters.thumbnailRotator]=false&amp;flashvars[streamSelector.plugin]=true&amp;flashvars[EmbedPlayer.SpinnerTarget]=videoHolder&amp;flashvars[dualScreen.plugin]=true&amp;flashvars[Kaltura.addCrossoriginToIframe]=true&amp;&amp;wid=0_in4o64a1\" width=\"400\" height=\"285\" allowfullscreen=\"\"><\/iframe><\/figure>\n\n\n\n<p>Lav en kunderejse<\/p>\n\n\n\n<figure><iframe loading=\"lazy\" src=\"https:\/\/d38ynedpfya4s8.cloudfront.net\/p\/282\/sp\/28200\/embedIframeJs\/uiconf_id\/23450462\/partner_id\/282?iframeembed=true&amp;playerId=kaltura_player&amp;entry_id=0_r675qfnw&amp;flashvars[streamerType]=auto&amp;flashvars[localizationCode]=en&amp;flashvars[leadWithHTML5]=true&amp;flashvars[sideBarContainer.plugin]=true&amp;flashvars[sideBarContainer.position]=left&amp;flashvars[sideBarContainer.clickToClose]=true&amp;flashvars[chapters.plugin]=true&amp;flashvars[chapters.layout]=vertical&amp;flashvars[chapters.thumbnailRotator]=false&amp;flashvars[streamSelector.plugin]=true&amp;flashvars[EmbedPlayer.SpinnerTarget]=videoHolder&amp;flashvars[dualScreen.plugin]=true&amp;flashvars[Kaltura.addCrossoriginToIframe]=true&amp;&amp;wid=0_oqjuqv0s\" width=\"400\" height=\"285\" allowfullscreen=\"\"><\/iframe><\/figure>\n\n\n\n<p>S\u00e5dan skaber du eftersp\u00f8rgsel<\/p>\n\n\n\n<figure><iframe loading=\"lazy\" src=\"https:\/\/d38ynedpfya4s8.cloudfront.net\/p\/282\/sp\/28200\/embedIframeJs\/uiconf_id\/23450462\/partner_id\/282?iframeembed=true&amp;playerId=kaltura_player&amp;entry_id=0_1yuclfw9&amp;flashvars[streamerType]=auto&amp;flashvars[localizationCode]=en&amp;flashvars[leadWithHTML5]=true&amp;flashvars[sideBarContainer.plugin]=true&amp;flashvars[sideBarContainer.position]=left&amp;flashvars[sideBarContainer.clickToClose]=true&amp;flashvars[chapters.plugin]=true&amp;flashvars[chapters.layout]=vertical&amp;flashvars[chapters.thumbnailRotator]=false&amp;flashvars[streamSelector.plugin]=true&amp;flashvars[EmbedPlayer.SpinnerTarget]=videoHolder&amp;flashvars[dualScreen.plugin]=true&amp;flashvars[Kaltura.addCrossoriginToIframe]=true&amp;&amp;wid=0_4ols337l\" width=\"400\" height=\"285\" allowfullscreen=\"\"><\/iframe><\/figure>\n\n\n\n<p>Hvordan pr\u00e6senterer du dine budskaber<\/p>\n\n\n\n<p><\/p>\n","protected":false},"excerpt":{"rendered":"<p>by Jens Martinus Pedersen. Danisk videos are texted in english Go to market strategi &#8211; introduktion S\u00e5dan finder du dine salgskanaler Lav en kunderejse S\u00e5dan skaber du eftersp\u00f8rgsel Hvordan pr\u00e6senterer du dine budskaber<\/p>\n","protected":false},"author":2,"featured_media":0,"parent":201,"menu_order":0,"comment_status":"closed","ping_status":"closed","template":"","meta":{"footnotes":""},"class_list":["post-366","page","type-page","status-publish","hentry"],"_links":{"self":[{"href":"https:\/\/ie.sdu.dk\/index.php\/wp-json\/wp\/v2\/pages\/366","targetHints":{"allow":["GET"]}}],"collection":[{"href":"https:\/\/ie.sdu.dk\/index.php\/wp-json\/wp\/v2\/pages"}],"about":[{"href":"https:\/\/ie.sdu.dk\/index.php\/wp-json\/wp\/v2\/types\/page"}],"author":[{"embeddable":true,"href":"https:\/\/ie.sdu.dk\/index.php\/wp-json\/wp\/v2\/users\/2"}],"replies":[{"embeddable":true,"href":"https:\/\/ie.sdu.dk\/index.php\/wp-json\/wp\/v2\/comments?post=366"}],"version-history":[{"count":3,"href":"https:\/\/ie.sdu.dk\/index.php\/wp-json\/wp\/v2\/pages\/366\/revisions"}],"predecessor-version":[{"id":404,"href":"https:\/\/ie.sdu.dk\/index.php\/wp-json\/wp\/v2\/pages\/366\/revisions\/404"}],"up":[{"embeddable":true,"href":"https:\/\/ie.sdu.dk\/index.php\/wp-json\/wp\/v2\/pages\/201"}],"wp:attachment":[{"href":"https:\/\/ie.sdu.dk\/index.php\/wp-json\/wp\/v2\/media?parent=366"}],"curies":[{"name":"wp","href":"https:\/\/api.w.org\/{rel}","templated":true}]}}