{"id":127,"date":"2020-06-24T08:18:00","date_gmt":"2020-06-24T08:18:00","guid":{"rendered":"https:\/\/ie.sdu.dk\/?page_id=127"},"modified":"2022-03-16T09:35:19","modified_gmt":"2022-03-16T09:35:19","slug":"hackathon","status":"publish","type":"page","link":"https:\/\/ie.sdu.dk\/index.php\/hackathon\/","title":{"rendered":"Hackathon"},"content":{"rendered":"\n<h2 class=\"has-yellow-background-color has-background wp-block-heading\">Event 27. april 2022:<\/h2>\n\n\n\n<p class=\"has-yellow-background-color has-background\">Dette \u00e5rs hackathon vil v\u00e6re en 1 dags mini-hackathon med fysisk tilstedev\u00e6relse i de inspirerende omgivelser i Vidensbyen, Campusvej Odense. I Thinker Space og de tilst\u00f8dende lokaler vil vi sammen udt\u00e6nke og prototype de vildeste og bedste l\u00f8sninger p\u00e5 \u00e5rets case. <br>Casen kommer i \u00e5r fra naturvidenskab, men som altid er alle vinkler og samarbejdsflader relevante i l\u00f8sning og l\u00e6ringen, s\u00e5 t\u00f8v ikke med at melde dig uanset din faglighed. <br>Fordelen ved at vi kun har 1 case er at vi kan se, hvor forskellige l\u00f8sninger innovationsprocesserne kan komme op med &#8211; det forventer vi i hvert fald. Underviseren som ejer casen kommer s\u00e5ledes ogs\u00e5 hjem med flere perspektiver og l\u00f8sningsforslag fra grupperne. Det bliver S\u00c5 sp\u00e6ndende.<br>Du kan g\u00e5 direkte hjem og anvende de teknikker og metoder du l\u00e6rer undervejs sammen med dine egne studerende og ogs\u00e5 refleksionerne med at f\u00e5 enderne til at m\u00f8des omkring at designe undervisning i et fag med et snit af innovation og\/eller entrepren\u00f8rskab. What&#8217;s not to like?<br>Dette \u00e5rs hackathon holder vi p\u00e5 dansk, men du kan ved tilmeldingen tilkendegive om du gerne vil i en gruppe som taler engelsk indbyrdes. <br>Tilmeld dig <a rel=\"noreferrer noopener\" href=\"https:\/\/www.conferencemanager.dk\/hackathon-april-2022\" target=\"_blank\">her <\/a>(\u00e5bner i ny tab)<\/p>\n\n\n\n<h3 class=\"has-yellow-background-color has-background wp-block-heading\"><a href=\"https:\/\/ie.sdu.dk\/index.php\/case-hackathon-april-2022\/\">Se dette \u00e5rs case &#8211; den er super sp\u00e6ndende!<\/a>  <\/h3>\n\n\n\n<h2 class=\"has-light-blue-background-color has-background wp-block-heading\">Hackathon as a Method for quick Innovation<\/h2>\n\n\n\n<p>Inspirational guides for you who consider to use the method or needs inspiration for hackathons like &#8211; the Event 2021 and 2022<\/p>\n\n\n\n<h3 class=\"wp-block-heading\">Guides for organisers<\/h3>\n\n\n\n<h4 class=\"wp-block-heading\"><a rel=\"noreferrer noopener\" href=\"https:\/\/hackathon.guide\/\" target=\"_blank\">organizer guide<\/a><\/h4>\n\n\n\n<h4 class=\"wp-block-heading\"><a href=\"https:\/\/www.hackerearth.com\/community-hackathons\/resources\/e-books\/guide-to-organize-hackathon\/\" target=\"_blank\" rel=\"noreferrer noopener\">Organiser guide &#8211; 2<\/a><\/h4>\n\n\n\n<h4 class=\"wp-block-heading\"><a href=\"https:\/\/junilearning.com\/blog\/guide\/hackathons-101-all-about-hackathons\/\" target=\"_blank\" rel=\"noreferrer noopener\">Participant view<\/a><\/h4>\n\n\n\n<p><\/p>\n\n\n\n<h2 class=\"has-light-gray-background-color has-background wp-block-heading\">Past hackathons<br>Event May, 2021:<\/h2>\n\n\n\n<p class=\"has-light-gray-background-color has-background\">This was an online event due to Corona and we did all we could to make this an engaging and successful event together with all the participating colleagues who attended. Later, you will be able to read the evaluation on this page to see our experiences during the days. If you&#8217;d like to talk to one of the organizers, please mail to <em>cnorgaard@sdu.dk<\/em> or call +45 24984072<\/p>\n\n\n\n<h4 class=\"wp-block-heading\"><br>Watch this short introduction:<\/h4>\n\n\n\n<iframe loading=\"lazy\" id=\"kaltura_player\" src=\"https:\/\/d38ynedpfya4s8.cloudfront.net\/p\/282\/sp\/28200\/embedIframeJs\/uiconf_id\/23450462\/partner_id\/282?iframeembed=true&amp;playerId=kaltura_player&amp;entry_id=0_xinzxj7s&amp;flashvars[streamerType]=auto&amp;flashvars[localizationCode]=en&amp;flashvars[leadWithHTML5]=true&amp;flashvars[sideBarContainer.plugin]=true&amp;flashvars[sideBarContainer.position]=left&amp;flashvars[sideBarContainer.clickToClose]=true&amp;flashvars[chapters.plugin]=true&amp;flashvars[chapters.layout]=vertical&amp;flashvars[chapters.thumbnailRotator]=false&amp;flashvars[streamSelector.plugin]=true&amp;flashvars[EmbedPlayer.SpinnerTarget]=videoHolder&amp;flashvars[dualScreen.plugin]=true&amp;flashvars[Kaltura.addCrossoriginToIframe]=true&amp;&amp;wid=0_gapf2oy9\" allowfullscreen=\"\" webkitallowfullscreen=\"\" mozallowfullscreen=\"\" allow=\"autoplay *; fullscreen *; encrypted-media *\" sandbox=\"allow-forms allow-same-origin allow-scripts allow-top-navigation allow-pointer-lock allow-popups allow-modals allow-orientation-lock allow-popups-to-escape-sandbox allow-presentation allow-top-navigation-by-user-activation\" title=\"Kaltura Player\" width=\"400\" height=\"285\" frameborder=\"0\"><\/iframe>\n\n\n\n<h4 class=\"has-light-gray-background-color has-background wp-block-heading\">The purpose &#8211; a tripple win<\/h4>\n\n\n\n<p class=\"has-light-gray-background-color has-background\">At this hackathon participants <br>&#8211; <span style=\"color:#ff0101\" class=\"has-inline-color\">expanded their insight and knowledge on Innovation and Entrepreneurship teaching<\/span><br>&#8211; got acquainted with the massive support for this types of teaching at SDU<br>&#8211; they inspired each other in cross disciplinary groups,<br>&#8211; <span style=\"color:#fb1003\" class=\"has-inline-color\">invented brand new solutions to innovation and entrepreneurship teaching at SDU<\/span>. <\/p>\n\n\n\n<p class=\"has-light-gray-background-color has-background\">Finally, the solutions were pitched &#8211; like in any other hackathon &#8211; and of course, the <span style=\"color:#fd0d01\" class=\"has-inline-color\">case hosts can now implement the ideas in their courses for the future<\/span> if not directly, then by using this huge inspiration to rethink parts of the courses.<\/p>\n\n\n\n<h4 class=\"has-light-gray-background-color has-background wp-block-heading\">The 2021 Cases<\/h4>\n\n\n<div id=\"accordions-533\" class=\"accordions-533 accordions\" data-accordions={&quot;lazyLoad&quot;:true,&quot;id&quot;:&quot;533&quot;,&quot;event&quot;:&quot;click&quot;,&quot;collapsible&quot;:&quot;true&quot;,&quot;heightStyle&quot;:&quot;content&quot;,&quot;animateStyle&quot;:&quot;swing&quot;,&quot;animateDelay&quot;:1000,&quot;navigation&quot;:true,&quot;active&quot;:999,&quot;expandedOther&quot;:&quot;no&quot;}>\r\n                <div id=\"accordions-lazy-533\" class=\"accordions-lazy\" accordionsId=\"533\">\r\n                    <\/div>\r\n\r\n    <div class=\"items\"  style=\"display:none\" >\r\n    \r\n            <div post_id=\"533\" itemcount=\"0\"  header_id=\"header-1599807047132\" id=\"header-1599807047132\" style=\"\" class=\"accordions-head head1599807047132 border-none\" toggle-text=\"\" main-text=\"Smart Product Development Course\">\r\n                                    <span id=\"accordion-icons-1599807047132\" class=\"accordion-icons\">\r\n                        <span class=\"accordion-icon-active accordion-plus\"><i class=\"fas fa-chevron-up\"><\/i><\/span>\r\n                        <span class=\"accordion-icon-inactive accordion-minus\"><i class=\"fas fa-chevron-right\"><\/i><\/span>\r\n                    <\/span>\r\n                    <span id=\"header-text-1599807047132\" class=\"accordions-head-title\">Smart Product Development Course<\/span>\r\n                            <\/div>\r\n            <div class=\"accordion-content content1599807047132 \">\r\n                <p><a href=\"https:\/\/ie.sdu.dk\/index.php\/hackathon\/smart-product-development\/\" target=\"_blank\" rel=\"noopener\">CASE DESCRIPTION<\/a> (opens in a new tab)<br \/>\nInvolving students in I&E research<br data-rich-text-line-break=\"true\" \/>Case host: Fei Yu and Elias Riberio da Silva<\/p>\n            <\/div>\r\n    \r\n            <div post_id=\"533\" itemcount=\"1\"  header_id=\"header-1599807409031\" id=\"header-1599807409031\" style=\"\" class=\"accordions-head head1599807409031 border-none\" toggle-text=\"\" main-text=\"SDG&#039;S in Experts in Teams\">\r\n                                    <span id=\"accordion-icons-1599807409031\" class=\"accordion-icons\">\r\n                        <span class=\"accordion-icon-active accordion-plus\"><i class=\"fas fa-chevron-up\"><\/i><\/span>\r\n                        <span class=\"accordion-icon-inactive accordion-minus\"><i class=\"fas fa-chevron-right\"><\/i><\/span>\r\n                    <\/span>\r\n                    <span id=\"header-text-1599807409031\" class=\"accordions-head-title\">SDG'S in Experts in Teams<\/span>\r\n                            <\/div>\r\n            <div class=\"accordion-content content1599807409031 \">\r\n                <p><a href=\"https:\/\/ie.sdu.dk\/index.php\/hackathon\/sdgs-in-experts-in-teams\/\" target=\"_blank\" rel=\"noopener\">CASE DESCRIPTION<\/a> (opens in a new tab)<br \/>\nTeaching innovation and entrepreneurship with an angle of sustainability integrating SDG's <br data-rich-text-line-break=\"true\" \/>Case host: Steffen Kj\u00e6r Johansen<\/p>\n            <\/div>\r\n    \r\n            <div post_id=\"533\" itemcount=\"2\"  header_id=\"header-1599808202092\" id=\"header-1599808202092\" style=\"\" class=\"accordions-head head1599808202092 border-none\" toggle-text=\"\" main-text=\"Social Media Course\">\r\n                                    <span id=\"accordion-icons-1599808202092\" class=\"accordion-icons\">\r\n                        <span class=\"accordion-icon-active accordion-plus\"><i class=\"fas fa-chevron-up\"><\/i><\/span>\r\n                        <span class=\"accordion-icon-inactive accordion-minus\"><i class=\"fas fa-chevron-right\"><\/i><\/span>\r\n                    <\/span>\r\n                    <span id=\"header-text-1599808202092\" class=\"accordions-head-title\">Social Media Course<\/span>\r\n                            <\/div>\r\n            <div class=\"accordion-content content1599808202092 \">\r\n                <p><a href=\"https:\/\/ie.sdu.dk\/index.php\/hackathon\/i-and-e-in-a-social-media-course-integrating-employability\/\" target=\"_blank\" rel=\"noopener\">CASE DESCRIPTION<\/a> (opens in a new tab)<\/p>\n<p>Teaching innovation and entrepreneurship in a social media course integrating employability <br data-rich-text-line-break=\"true\" \/>Case host: Morten Plough Henriksen<\/p>\n            <\/div>\r\n    \r\n            <div post_id=\"533\" itemcount=\"3\"  header_id=\"header-1621503069314\" id=\"header-1621503069314\" style=\"\" class=\"accordions-head head1621503069314 border-none\" toggle-text=\"\" main-text=\"HA Digitalisation of a cross campus course\">\r\n                                    <span id=\"accordion-icons-1621503069314\" class=\"accordion-icons\">\r\n                        <span class=\"accordion-icon-active accordion-plus\"><i class=\"fas fa-chevron-up\"><\/i><\/span>\r\n                        <span class=\"accordion-icon-inactive accordion-minus\"><i class=\"fas fa-chevron-right\"><\/i><\/span>\r\n                    <\/span>\r\n                    <span id=\"header-text-1621503069314\" class=\"accordions-head-title\">HA Digitalisation of a cross campus course<\/span>\r\n                            <\/div>\r\n            <div class=\"accordion-content content1621503069314 \">\r\n                <p><a href=\"https:\/\/ie.sdu.dk\/index.php\/hackathon\/ha-new-technology\/\">https:\/\/ie.sdu.dk\/index.php\/hackathon\/ha-new-technology\/<\/a><\/p>\n            <\/div>\r\n    \r\n            <div post_id=\"533\" itemcount=\"4\"  header_id=\"header-1621503278949\" id=\"header-1621503278949\" style=\"\" class=\"accordions-head head1621503278949 border-none\" toggle-text=\"\" main-text=\"I and E for journalists - a new way\">\r\n                                    <span id=\"accordion-icons-1621503278949\" class=\"accordion-icons\">\r\n                        <span class=\"accordion-icon-active accordion-plus\"><i class=\"fas fa-chevron-up\"><\/i><\/span>\r\n                        <span class=\"accordion-icon-inactive accordion-minus\"><i class=\"fas fa-chevron-right\"><\/i><\/span>\r\n                    <\/span>\r\n                    <span id=\"header-text-1621503278949\" class=\"accordions-head-title\">I and E for journalists - a new way<\/span>\r\n                            <\/div>\r\n            <div class=\"accordion-content content1621503278949 \">\r\n                <p><a href=\"https:\/\/ie.sdu.dk\/index.php\/hackathon\/journalism-nanostructure\/\">https:\/\/ie.sdu.dk\/index.php\/hackathon\/journalism-nanostructure\/<\/a><\/p>\n            <\/div>\r\n    \r\n            <div post_id=\"533\" itemcount=\"5\"  header_id=\"header-1621503355584\" id=\"header-1621503355584\" style=\"\" class=\"accordions-head head1621503355584 border-none\" toggle-text=\"\" main-text=\"Developing a new elective\">\r\n                                    <span id=\"accordion-icons-1621503355584\" class=\"accordion-icons\">\r\n                        <span class=\"accordion-icon-active accordion-plus\"><i class=\"fas fa-chevron-up\"><\/i><\/span>\r\n                        <span class=\"accordion-icon-inactive accordion-minus\"><i class=\"fas fa-chevron-right\"><\/i><\/span>\r\n                    <\/span>\r\n                    <span id=\"header-text-1621503355584\" class=\"accordions-head-title\">Developing a new elective<\/span>\r\n                            <\/div>\r\n            <div class=\"accordion-content content1621503355584 \">\r\n                <p><a href=\"https:\/\/ie.sdu.dk\/index.php\/hackathon\/developing-a-new-entrepreneurship-elective\/\">https:\/\/ie.sdu.dk\/index.php\/hackathon\/developing-a-new-entrepreneurship-elective\/<\/a><\/p>\n            <\/div>\r\n    <\/div>\r\n\r\n\r\n\r\n            <\/div>\n\n\n\n<p class=\"has-light-gray-background-color has-background\">We build up these cases for the hackathon. Participants worked on a chosen case. The group was formed by the participants who chose the same case. Each group had a mentor and they entered inspiration workshops and stands during the two days. <\/p>\n\n\n\n<p><\/p>\n","protected":false},"excerpt":{"rendered":"<p>Event 27. april 2022: Dette \u00e5rs hackathon vil v\u00e6re en 1 dags mini-hackathon med fysisk tilstedev\u00e6relse i de inspirerende omgivelser i Vidensbyen, Campusvej Odense. I Thinker Space og de tilst\u00f8dende lokaler vil vi sammen udt\u00e6nke og prototype de vildeste og bedste l\u00f8sninger p\u00e5 \u00e5rets case. Casen kommer i \u00e5r fra naturvidenskab, men som altid er &hellip; <a href=\"https:\/\/ie.sdu.dk\/index.php\/hackathon\/\" class=\"more-link\">Continue reading<span class=\"screen-reader-text\"> &#8220;Hackathon&#8221;<\/span><\/a><\/p>\n","protected":false},"author":2,"featured_media":0,"parent":0,"menu_order":0,"comment_status":"closed","ping_status":"closed","template":"","meta":{"footnotes":""},"class_list":["post-127","page","type-page","status-publish","hentry"],"_links":{"self":[{"href":"https:\/\/ie.sdu.dk\/index.php\/wp-json\/wp\/v2\/pages\/127","targetHints":{"allow":["GET"]}}],"collection":[{"href":"https:\/\/ie.sdu.dk\/index.php\/wp-json\/wp\/v2\/pages"}],"about":[{"href":"https:\/\/ie.sdu.dk\/index.php\/wp-json\/wp\/v2\/types\/page"}],"author":[{"embeddable":true,"href":"https:\/\/ie.sdu.dk\/index.php\/wp-json\/wp\/v2\/users\/2"}],"replies":[{"embeddable":true,"href":"https:\/\/ie.sdu.dk\/index.php\/wp-json\/wp\/v2\/comments?post=127"}],"version-history":[{"count":75,"href":"https:\/\/ie.sdu.dk\/index.php\/wp-json\/wp\/v2\/pages\/127\/revisions"}],"predecessor-version":[{"id":850,"href":"https:\/\/ie.sdu.dk\/index.php\/wp-json\/wp\/v2\/pages\/127\/revisions\/850"}],"wp:attachment":[{"href":"https:\/\/ie.sdu.dk\/index.php\/wp-json\/wp\/v2\/media?parent=127"}],"curies":[{"name":"wp","href":"https:\/\/api.w.org\/{rel}","templated":true}]}}